be j(3). Calculate the highest common factor of b and 20.
10
Let v(g) = -7*g - 2. Let n be v(-1). Let q be (-69 + n/5)*(-2)/4. Calculate the greatest common divisor of q and 34.
34
Let d = 1678 - 1356. Calculate the highest common divisor of d and 138.
46
Let b = 2 - 0. Let r be 1382/18 + b/9. What is the highest common divisor of r and 7?
7
Suppose 2*f - 39 = f - 2*x, -234 = -5*f + 3*x. Suppose -1431 = -4*z + 3*c, -2*c - 271 = -z + 83. What is the greatest common divisor of f and z?
45
Let u = 217 - 81. Calculate the greatest common divisor of 170 and u.
34
Let x = -32 - -42. Suppose -x + 12 = k. What is the greatest common factor of 18 and k?
2
Suppose 1303 = p + 4*x, -5*p + 6600 = -x + 4*x. What is the greatest common divisor of p and 42?
21
Let a be 1 + (-28)/20 - 156/(-15). What is the highest common factor of a and 14?
2
Let z be 3/2 + -7 + (-461)/(-2). Calculate the greatest common factor of z and 360.
45
Let k(c) = 23*c + 16. Let m be k(0). Suppose 4*a - f = 66, -2*a - 3*f + f = -28. What is the highest common divisor of m and a?
16
Suppose -2*u = 5*t - 169, 2*t - 73 = 2*u - u. Let r(d) = 2*d**3 - 4*d**2 - 4*d + 45. Let f be r(5). What is the highest common factor of t and f?
35
Suppose 3*c - 4*g = 1, -g - 8 = -3*c - 1. Suppose 0 = -c*d + 15*d - 60. Calculate the highest common factor of d and 40.
5
Suppose 13*f - 187 = 359. What is the highest common divisor of f and 28?
14
Suppose -3*s + 519 = 2*o - 150, -o + s = -327. What is the highest common factor of 30 and o?
30
Let h be (2/4)/(20/2880). Let y be 9*1/(4/h). What is the highest common factor of y and 18?
18
Suppose 21*w = 32*w - 561. Calculate the highest common factor of 663 and w.
51
Let x(k) = -6*k + 8. Let b be x(-10). Suppose 7*f + b = 488. What is the highest common divisor of 15 and f?
15
Let a be -1 + 4 - 11/((-66)/42). Calculate the highest common divisor of a and 420.
10
Suppose 87 + 249 = 3*l. Let t(h) = 3*h - 13. Let p be t(9). Calculate the greatest common factor of p and l.
14
Let h be 3/12 + 51/4. Suppose -21*l = -24*l. Suppose 5*n + 111 - 631 = l. What is the greatest common divisor of n and h?
13
Let m be -2*(-2)/10*5. Suppose 5*t = n + 28, -2*n + 12 = 3*t - 10. Suppose 0 = t*u + u - 7. What is the highest common divisor of u and m?
1
Let i = -176 + 178. Suppose -5*l = -0*l - 40. Let p be (l/i)/2*3. What is the highest common factor of p and 15?
3
Let s(u) = u**3 + 10*u**2 + 3*u + 4. Let y be s(-7). Let p = -61 - -87. Calculate the highest common divisor of p and y.
26
Let q(u) = u**2 + 25*u - 4. Let d be q(-22). Let c = 122 + d. What is the highest common factor of c and 13?
13
Suppose -4*u = -5*c + u + 60, -4*u - 32 = -3*c. Let y = c + -4. Calculate the greatest common divisor of y and 108.
12
Let b = -56 - -70. Let v(f) = 322*f. Let r(z) = 14*z. Let t(u) = 70*r(u) - 3*v(u). Let c be t(10). Calculate the highest common factor of c and b.
14
Let m = 1195 + -1160. Let f(n) = -n**3 - 2*n**2 - 3*n - 3. Let q be f(-3). Calculate the highest common divisor of q and m.
5
Let h(a) = 30*a**2 + a + 6. Let z be h(2). What is the highest common factor of z and 48?
16
Let l be (12/(-10))/(2/(-120)). Let o = 4282 + -4258. Calculate the greatest common factor of l and o.
24
Let o = -37 + 44. Suppose -17 = o*z - 122. Suppose 5*s - 25 = -0*s. Calculate the highest common factor of z and s.
5
Let o(t) = -19*t**3 - 1. Let l be o(-1). Let k be 651/l - 3/18. Let y be (-6)/(-8) - (-3285)/k. What is the highest common factor of y and 23?
23
Let n(r) = 3*r - 2. Let m be n(2). Let j be (0 - 10)/(m/(-2)). Suppose -4*c + j*z = -278, 0*z = -5*z + 10. Calculate the highest common factor of c and 9.
9
Let n be 21/(1134/2736) + (-4)/6. Calculate the highest common factor of 45 and n.
5
Let o be (7/4)/((-11)/176). Let b = -18 - o. Calculate the greatest common divisor of 4 and b.
2
Let a be -4 - (-16)/(16/213). Let h be 2*((-14)/4 - -2). Let c = 22 + h. What is the greatest common divisor of a and c?
19
Let a = -52 - -316. Suppose 30*x - 26*x = a. Let j be (0 - 5)*44/(-10). What is the highest common factor of j and x?
22
Suppose -l = -3*r + 9, 25 = -0*l + 3*l + 4*r. Let g be -2 + 3 + 3 - 16. Let i be ((-48)/g)/((-12)/(-9)). Calculate the greatest common factor of l and i.
3
Let d(t) = -16*t + 116. Let m be d(6). Let o = 31 + -51. Let h be (m/6)/(o/(-30)). Calculate the greatest common factor of 5 and h.
5
Suppose -2*k + 3*n = 25, 0 = 2*n - 3 + 1. Let t = 25 + k. What is the greatest common divisor of t and 70?
14
Let t be 0/2 + -6*1. Let o = 102 + -97. Let d be (-8 + o)*8/t. Calculate the highest common factor of 20 and d.
4
Suppose 14*k - 79 = 19. What is the greatest common divisor of k and 7?
7
Let m = -1191 - -2023. Suppose 0*a - 4*a + m = 0. Suppose 3*w - 353 - a = 0. What is the highest common factor of w and 17?
17
Let q = 117 - -43. What is the greatest common factor of q and 20?
20
Let a be 3/(3/(-104))*(-9)/(-6). Let o be 1/((-3)/a*4). What is the greatest common factor of 91 and o?
13
Suppose -2*h + 42 = -4*h. Let c be (-28)/h*(-18)/(-2). What is the highest common factor of 18 and c?
6
Suppose -367 = -2*k + 3*c + 158, 2*k + 3*c - 531 = 0. Suppose -2*m = 4*m - k. Calculate the highest common divisor of m and 33.
11
Let r(l) be the second derivative of 1/3*l**3 - 5*l + 0 + 10*l**4 - 1/2*l**2. Let p be r(1). Calculate the greatest common factor of p and 11.
11
Let o = -13 - -9. Let j = o - -12. Calculate the highest common divisor of j and 40.
8
Let u be 54/7 - (-2)/7. Suppose 2*o + 5*q + 107 + 96 = 0, 2*q = 5*o + 580. Let c = o + 122. Calculate the highest common factor of c and u.
8
Let x be ((-44)/(-6))/(2/(-9)) - -1. Let b be (x/(-10))/(20/150). What is the greatest common divisor of 6 and b?
6
Suppose 2*y - 1455 = -y. Suppose 110 - y = 5*d. Let i = d - -125. Calculate the highest common divisor of i and 75.
25
Let w(v) = -5*v - 52. Let u be w(-16). What is the highest common divisor of u and 1036?
28
Let z(l) = -l - 1. Let o be z(-4). Suppose -6*s = -s - 3*j - 460, 0 = -o*s + 2*j + 275. Calculate the greatest common factor of 38 and s.
19
Let b(j) = j + 10. Let a be b(14). Suppose -2*l = -l - a. Calculate the highest common divisor of 3 and l.
3
Let x(o) = o**2 + 43*o + 249. Let r be x(-6). Calculate the highest common divisor of 9 and r.
9
Suppose -55*z - 9211 + 12236 = 0. Let d(x) = 6*x - 1. Let h be d(1). Calculate the highest common factor of h and z.
5
Suppose -3*b + 68 - 8 = 0. What is the greatest common divisor of 160 and b?
20
Let o be 2/(4/18) + (-4 - -2). Suppose 53 = o*x - 31. Calculate the highest common divisor of x and 48.
12
Let s = 133 + -85. Calculate the highest common factor of 156 and s.
12
Suppose -6 = z - 3. Let t be 2/(z*1/(-12)). Suppose 6*l + t = 3*k + 4*l, 14 = 5*k - 4*l. Calculate the greatest common divisor of 2 and k.
2
Let k be (-4416)/(-88) + -3 + 93/33. Suppose m + 5 = -3*f, 5*f - 5*m + 14 = -m. Let h be 0 - f - (-1 - 72). What is the greatest common divisor of h and k?
25
Let h be ((-12)/(-5))/((-7)/((-105)/6)). Suppose j - 4 = 5. What is the highest common divisor of j and h?
3
Let p(u) = -2*u**3 - 18*u**2 - 17*u + 3. Let k be p(-8). What is the greatest common divisor of k and 143?
11
Suppose -2*x - 8 = -4*x. Suppose -x*f + 357 = 3*f. Suppose r + 2*r = 51. Calculate the greatest common divisor of f and r.
17
Let i(a) = -a**3 - 7*a**2 - 3*a - 20. Let q be i(-8). What is the highest common factor of q and 204?
68
Let a = -379 + 405. Calculate the highest common factor of 104 and a.
26
Let r(s) = 57*s + 160. Let a be r(-2). What is the highest common factor of 14 and a?
2
Let j be -55*(7 - (-273)/(-35)). Calculate the greatest common divisor of 352 and j.
44
Let t = -716 - -891. What is the greatest common divisor of t and 35?
35
Suppose 2*h = 5*i - 73, 9 = 2*i - 5*h - 16. Let x = 12 - 87. Let t = 195 + x. What is the highest common factor of i and t?
15
Suppose -5*n + t = -20, 4*n = -0*n + 3*t + 16. Let y(q) = -9*q + 32. Let u be y(6). Let c = u - -30. Calculate the highest common divisor of c and n.
4
Suppose -130 = -4*y + 2*y + 5*n, 5*y + 4*n - 391 = 0. Let k = y + -68. What is the greatest common divisor of 126 and k?
7
Let v = -37 + 52. Let n(f) = f**2 - 4*f - 5. Let u be n(-5). Suppose s = 20 + u. Calculate the greatest common diviso